2. Suppose 2*s + 4*l = -16, -2*s - 2*s + l - 23 = 0. Let q be c(s). Let n = -73 + q. What is the units digit of n?
1
Suppose -2*i + 650 = 5*l, -33*i - 3*l - 975 = -36*i. What is the hundreds digit of i?
3
Let v = -142 + 154. Suppose 570 = -v*k + 18*k. What is the units digit of k?
5
Let w be 0 - (1 + 0) - 6. Suppose q = 36 - 27. Let z = q - w. What is the units digit of z?
6
Let n(d) = -63*d + 85. What is the units digit of n(-6)?
3
Suppose 0 = -20*f + 153 + 5067. What is the units digit of f?
1
Let f(v) = v**3 + 15*v**2 + 6*v + 51. What is the units digit of f(-12)?
1
Suppose -n + 2*n = -1, 0 = 4*d + 4*n - 2700. What is the hundreds digit of d?
6
Suppose -2*i - 5 + 95 = 0. What is the hundreds digit of 27/i + 1057/5?
2
Let f = -16 - -10. Let m = f + 1. What is the units digit of m/(-4) + 5/(-20)?
1
Suppose -7*k + 2*k = -25. Suppose -k*c + 4 = -c. What is the tens digit of (-9)/c*7/(-3)?
2
Suppose -15 = 21*q - 26*q. Suppose u - 3*u + 208 = 3*m, 0 = u + q*m - 98. Let c = -78 + u. What is the units digit of c?
2
Let y(b) = 8*b**2 + 17. What is the hundreds digit of y(7)?
4
Let n(b) = 15 - 72 + 20*b + 19 + 12. What is the tens digit of n(7)?
1
Let y(r) = r + 14. Let l be y(-13). Let c(j) = 7*j + 6 - 1 - l + 3*j**2 - j**2. What is the tens digit of c(-6)?
3
Let b(c) = c**3 - 9*c**2 + 9*c - 12. Let h be b(8). What is the hundreds digit of ((-6)/h)/(4/((-3424)/(-12)))?
1
Let b be 22 + (-3 - -1) - -3. Let m = b - 13. What is the tens digit of m?
1
Let y be (-3070)/(-30) - (-8)/(-6). Let d = -79 + y. What is the tens digit of d?
2
Let a(b) = 605*b**2 + 9*b + 8. What is the hundreds digit of a(-1)?
6
Suppose k = 16 - 5. What is the units digit of 1 + -1 + 121/k?
1
Let s(x) = x - 10. Let p be s(7). What is the tens digit of -4 + (16 + p - -4)?
1
Let o(i) = i**3 - 5*i**2 + 6*i - 6. Let w be o(4). Suppose -4*y + 48 = 4*b - w*b, -5*y = 3*b - 72. What is the tens digit of b?
2
Let q(r) = 4*r - 3*r + 2*r + 8 - 2*r. Let u be q(-10). What is the tens digit of (-9)/6*u - -18?
2
Suppose -26390 = 78*d - 143*d. What is the tens digit of d?
0
Suppose -t - 5*l + 24 = -0*t, -4*t = -l + 9. Let g(r) = 17*r - 1. Let m be g(t). What is the units digit of (-2)/(-6) + (-156)/m?
9
Let c(z) = z**2 + 4*z + 1. Let l be c(-5). Suppose -8 = f + l. What is the tens digit of (f/(-4))/(2/12)?
2
Let h(f) = 73*f**2 + 11*f + 26. What is the units digit of h(-3)?
0
Suppose 0 = -l - 9*l + 40. Suppose -3*p - 5*q = -157, -l*q - 3 = -p + 38. What is the tens digit of p?
4
Let n(l) = 26*l + 2. Let x be (2/(-6))/(2/18). Let h be n(x). Let k = -36 - h. What is the units digit of k?
0
Suppose 18*d - 13*d - 10 = 0. Suppose -3*v + 7*v - d*u = 66, -50 = -3*v + 2*u. What is the units digit of v?
6
Let w(f) = -f**2 + 14*f - 13. Let p be (-112)/(-6) - 1/(-3). Let o = p + -7. What is the units digit of w(o)?
1
Let w(n) = -11*n - 5. Let l be w(-1). Suppose l*m - 569 = 151. What is the hundreds digit of m?
1
Suppose -27 + 72 = w. Let n = w - 30. What is the units digit of n?
5
Let t(o) = o**2 + 5*o + 1. Let d be t(-7). Let f = 9 - d. Let g(v) = -3*v - 8. What is the units digit of g(f)?
0
Let g(q) = -6*q + 4. Let u(b) = 7*b - 4. Let m(r) = 6*g(r) + 5*u(r). Let w be m(0). Suppose 4*o - d - d = 176, w*d + 180 = 4*o. What is the tens digit of o?
4
Let w be (-63)/(-18) - (-6)/(-4). Let h be 6/w*(-4)/3. What is the tens digit of 755/20 - 1/h?
3
Suppose 0 = 4*a - 6*a - 78. Let z = 29 - a. Suppose 0 = 5*v - z - 177. What is the tens digit of v?
4
Suppose -17950 = -18*o + 9788. What is the tens digit of o?
4
Let h = 3 + -3. Suppose -6*c + c - 10 = h. What is the tens digit of 8/12*(-93)/c?
3
Let p be (12/(-10))/((-18)/780). Suppose 2*a - 48 = p. What is the tens digit of a?
5
Let b = -170 - -256. Let c = 212 - b. Suppose -c = -0*h - 7*h. What is the tens digit of h?
1
Let n(b) be the second derivative of -5*b**3/6 - 8*b**2 - 8*b. Let w be n(8). What is the tens digit of w/14 + (1 - -67)?
6
Let b = 7576 - 2675. What is the thousands digit of b?
4
Let p(w) = w**2 + 12*w + 5. Let y be p(-12). Suppose -1044 + 239 = -y*i. What is the tens digit of i?
6
What is the units digit of (-6)/(-4 + (-220060)/(-55030))?
3
Suppose -3*r - z = -340, -2*r - z + 62 = -164. Let m = r - 41. What is the tens digit of m?
7
Let z(i) = -5*i + 8. Let f(l) = -4*l + 9. Let t(u) = 4*f(u) - 3*z(u). Let h be t(8). Suppose 9 = 2*m + m, 3*m - 157 = -h*b. What is the tens digit of b?
3
Suppose -4*h = -5*v + 16 - 216, -v - 200 = -4*h. Suppose 3*y + 3*z = 8*y - 474, z + 468 = 5*y. Let p = y - h. What is the tens digit of p?
4
Let k be 1 + 4/(-2) - -6. Suppose -k = q - 0. What is the units digit of 2/(-5) - 92/q?
8
Let t be (-2063)/(-4) + (-4)/(-16). What is the tens digit of -3*1*t/(-18)?
8
What is the tens digit of (-115*12/(-240))/(2/72)?
0
Suppose -5*n + 91 = -4*w, -2*w - 8 = -0*w. Let d be (n/30)/(1/4). Suppose 88 = -d*v + 4*v. What is the units digit of v?
4
Suppose -6*w - 6*w = -48. What is the units digit of w?
4
Let i = 146 + -102. Suppose 0*o = 2*o - i. Suppose 19 + 3 = 2*k + 5*d, 2*k - o = 2*d. What is the tens digit of k?
1
Suppose -4*d - 7*d + 264 = 0. What is the units digit of -2 + ((-3440)/(-14) - d/(-84))?
4
Suppose i - 3*y = -14, 7 = -2*i - 2*y + 3. Let v be (-1)/i + (-389)/(-5). Suppose 5*g = 4*m + 2*g - 111, -3*m = -4*g - v. What is the tens digit of m?
3
Let h(b) = b**3 + 11*b**2 - 16. Suppose 4*o = -19 - 21. What is the units digit of h(o)?
4
What is the hundreds digit of (1/((-1)/1) + 807)/2?
4
Let p(o) be the first derivative of o**3/3 - o**2 - 6*o + 4. Let a be p(4). Suppose 2*q - 7 = q - 3*u, -a*u = 5*q - 22. What is the units digit of q?
4
Suppose 0 = -8*a - 605 + 12309. What is the units digit of a?
3
Let h(m) = 2*m**2 + 2. Let y be h(-2). Let s be y/2 - 1/1. What is the units digit of 36/((-4)/s*-1)?
6
Suppose 9 = -0*p + 3*p. Suppose 2 = j - y, 2*j - 7 = -4*y + p*y. Suppose -4*d + k = 2*k - 204, -204 = -4*d - j*k. What is the tens digit of d?
5
Let z(k) = -2*k**2 - 3*k - 1. Let t(s) = s**2 + 3*s + 1. Let i = 12 - 18. Let x(b) = i*t(b) - 5*z(b). What is the tens digit of x(3)?
2
Let k = 65 - 48. Let d(n) = -n**2 + 22*n + 4. What is the units digit of d(k)?
9
Let i(d) = d**3 - 28*d**2 + 32*d - 2. Let t be ((-12)/(-36))/((-1)/(-81)). What is the units digit of i(t)?
3
Let a(u) = u**3 + 22*u**2 - 16*u - 20. What is the units digit of a(-22)?
2
Let g(o) = -45*o + 6. What is the units digit of g(-13)?
1
Let h(g) = -g**3 - 4*g**2. Let d be h(-4). Suppose d = a - 3*a + 8. Suppose 40 = 4*q + 5*l, -a*q - l + 24 = -0*l. What is the units digit of q?
5
Suppose 0 = x + x. Let c = 131 + -78. Suppose x = 3*g - 40 - c. What is the tens digit of g?
3
Suppose 3*q + 186 = 7*q + 2*y, -2*y = -4*q + 166. Suppose 3*f + f - q = 0. What is the units digit of f?
1
Let k = -10 + 12. Suppose 0 = 5*z - 20, 0 = k*l + 2*l - 3*z - 132. What is the tens digit of l?
3
Suppose -4*u + 5*z = -u - 14, -5*z = 2*u - 26. Suppose -3*w = -7*w - u, -3*w = -4*i + 850. What is the units digit of i?
1
Let t = -257 - -259. Suppose x = o, 4*o = -5*x + 10 + 17. Suppose 0 = -3*a - 2*g + 126, o*a - 135 = t*g - 7*g. What is the units digit of a?
0
Let d = 35 + -79. Let y = d - -59. What is the tens digit of y?
1
Let c = 3151 - 738. What is the units digit of c?
3
Suppose 2*u + 2*n = -2, 4*u - 5*n + 21 = 8. Let z be (0 - 1) + 4 - u. Let k(q) = 5*q. What is the tens digit of k(z)?
2
Let z(q) = -37*q + 1 - 1 + 14*q. What is the hundreds digit of z(-5)?
1
Suppose -12*s = -14*s - 48. What is the units digit of (-1)/6 + (-1780)/s?
4
Suppose 3048 = 5*z - z. What is the units digit of z?
2
Suppose 2259 = 2*g + 273. What is the units digit of g?
3
Let x = -59 + 64. Let y(h) = 22*h + 16. What is the units digit of y(x)?
6
Let o be -2 - (-4)/6*6. Suppose o*f = -2*s + 2, f + 3 = -5*s + 8. What is the tens digit of 7 + 18 + (-2)/s?
2
Let y = 7829 + -4550. What is the thousands digit of y?
3
Let m be 7 + -3 - (0 - 2). Let k = m + -2. Suppose -k*h = -p - 105, 2*h - 16 = -2*p + 34. What is the units digit of h?
6
Let k = 1219 - 578. What is the hundreds digit of k?
6
Let m = -1806 - -3383. What is the tens digit of m?
7
Let p be -3 - (-8)/(1/1). Let v(w) = 4*w**2 + 7*w - 5. Let f be v(p). Suppose 2*s = -4*l + f, 0*s + l = -2*s + 139. What is the units digit of s?
1
Let g be -5 - -6